s the tens digit of 4263509?
0
What is the hundreds digit of 232659?
6
What is the hundreds digit of 13394956?
9
What is the thousands digit of 7801142?
1
What is the ten thousands digit of 317125?
1
What is the ten thousands digit of 142828?
4
What is the tens digit of 1734970?
7
What is the hundred thousands digit of 242152?
2
What is the units digit of 557661?
1
What is the tens digit of 2293472?
7
What is the thousands digit of 745347?
5
What is the hundreds digit of 305996?
9
What is the tens digit of 854253?
5
What is the thousands digit of 930175?
0
What is the tens digit of 2438521?
2
What is the thousands digit of 624053?
4
What is the hundred thousands digit of 9047051?
0
What is the units digit of 3098381?
1
What is the hundred thousands digit of 6259343?
2
What is the hundreds digit of 4155?
1
What is the ten thousands digit of 79259?
7
What is the tens digit of 261349?
4
What is the units digit of 7520236?
6
What is the hundreds digit of 210603?
6
What is the tens digit of 325381?
8
What is the hundreds digit of 322837?
8
What is the thousands digit of 3731647?
1
What is the tens digit of 3555375?
7
What is the tens digit of 10180747?
4
What is the units digit of 295106?
6
What is the hundreds digit of 10825911?
9
What is the hundred thousands digit of 29377876?
3
What is the millions digit of 1304836?
1
What is the hundred thousands digit of 755122?
7
What is the hundred thousands digit of 3710086?
7
What is the thousands digit of 136837?
6
What is the units digit of 227644?
4
What is the units digit of 2537433?
3
What is the tens digit of 302713?
1
What is the hundred thousands digit of 188113?
1
What is the ten thousands digit of 3479434?
7
What is the tens digit of 11880999?
9
What is the hundreds digit of 861319?
3
What is the ten millions digit of 45357741?
4
What is the ten thousands digit of 68532?
6
What is the units digit of 14318220?
0
What is the tens digit of 166885?
8
What is the ten thousands digit of 40374?
4
What is the millions digit of 1852807?
1
What is the hundred thousands digit of 4592958?
5
What is the thousands digit of 9561851?
1
What is the tens digit of 238777?
7
What is the hundreds digit of 222260?
2
What is the ten thousands digit of 173322?
7
What is the tens digit of 520764?
6
What is the units digit of 55978?
8
What is the hundreds digit of 153108?
1
What is the hundred thousands digit of 12804287?
8
What is the ten thousands digit of 809753?
0
What is the tens digit of 3643314?
1
What is the hundred thousands digit of 666365?
6
What is the ten thousands digit of 1643241?
4
What is the units digit of 104560?
0
What is the millions digit of 3754170?
3
What is the units digit of 3260895?
5
What is the hundred thousands digit of 1034057?
0
What is the millions digit of 1391578?
1
What is the thousands digit of 3128978?
8
What is the units digit of 3285124?
4
What is the units digit of 9156466?
6
What is the hundred thousands digit of 158910?
1
What is the ten millions digit of 24944446?
2
What is the units digit of 13404468?
8
What is the thousands digit of 361248?
1
What is the thousands digit of 12201970?
1
What is the tens digit of 966661?
6
What is the hundred thousands digit of 32677211?
6
What is the thousands digit of 4513831?
3
What is the hundred thousands digit of 2063698?
0
What is the hundreds digit of 19529777?
7
What is the millions digit of 9092760?
9
What is the thousands digit of 17798863?
8
What is the hundreds digit of 15457369?
3
What is the hundred thousands digit of 366808?
3
What is the tens digit of 668330?
3
What is the ten thousands digit of 2001706?
0
What is the hundred thousands digit of 135160?
1
What is the hundred thousands digit of 1197390?
1
What is the hundreds digit of 2528?
5
What is the tens digit of 371094?
9
What is the units digit of 7116330?
0
What is the hundreds digit of 346980?
9
What is the tens digit of 2919291?
9
What is the millions digit of 1480033?
1
What is the hundred thousands digit of 661926?
6
What is the units digit of 787171?
1
What is the thousands digit of 170877?
0
What is the thousands digit of 20718639?
8
What is the millions digit of 23588550?
3
What is the millions digit of 9855917?
9
What is the ten thousands digit of 751591?
5
What is the hundred thousands digit of 449244?
4
What is the ten thousands digit of 1263639?
6
What is the hundreds digit of 10620747?
7
What is the millions digit of 2444033?
2
What is the tens digit of 6374561?
6
What is the units digit of 478940?
0
What is the units digit of 308969?
9
What is the thousands digit of 47711?
7
What is the units digit of 1052611?
1
What is the tens digit of 182706?
0
What is the thousands digit of 636747?
6
What is the ten thousands digit of 3495058?
9
What is the units digit of 155032?
2
What is the ten thousands digit of 166731?
6
What is the ten thousands digit of 101307?
0
What is the millions digit of 1820453?
1
What is the millions digit of 10334059?
0
What is the thousands digit of 256885?
6
What is the hundreds digit of 886903?
9
What is the millions digit of 3946771?
3
What is the units digit of 5592411?
1
What is the hundred thousands digit of 18465981?
4
What is the hundreds digit of 30109427?
4
What is the units digit of 6164695?
5
What is the hundred thousands digit of 148309?
1
What is the hundred thousands digit of 1537079?
5
What is the units digit of 768996?
6
What is the tens digit of 871279?
7
What is the ten thousands digit of 53168?
5
What is the thousands digit of 17556650?
6
What is the ten thousands digit of 266762?
6
What is the ten thousands digit of 4889033?
8
What is the thousands digit of 20288485?
8
What is the hundreds digit of 28628525?
5
What is the hundreds digit of 4970645?
6
What is the ten thousands digit of 199048?
9
What is the ten thousands digit of 383617?
8
What is the tens digit of 312598?
9
What is the hundreds digit of 116916?
9
What is the hundreds digit of 147340?
3
What is the thousands digit of 4977904?
7
What is the ten thousands digit of 765684?
6
What is the units digit of 3823398?
8
What is the thousands digit of 1404833?
4
What is the thousands digit of 173481?
3
What is the ten thousands digit of 238563?
3
What is the thousands digit of 30627?
0
What is the ten thousands digit of 4987394?
8
What is the hundred thousands digit of 294036?
2
What is the thousands digit of 471307?
1
What is the ten thousands digit of 321103?
2
What is the hundreds digit of 1404745?
7
What is the hundreds digit of 1002502?
5
What is the hundreds digit of 334251?
2
What is the tens digit of 1146142?
4
What is the hundred thousands digit of 425752?
4
What is the millions digit of 3278659?
3
What is the units digit of 2201029?
9
What is the tens digit of 1939684?
8
What is the tens digit of 15190976?
7
What is the ten millions digit of 26698036?
2
What is the tens digit of 398667?
6
What is the ten thousands digit of 19417918?
1
What is the ten thousands digit of 286766?
8
What is the tens digit of 16625?
2
What is the thousands digit of 156545?
6
What is the thousands digit of 587985?
7
What is the hundreds digit of 118951?
9
What is the hundred thousands digit of 214179?
2
What is the tens digit of 55771?
7
What is the tens digit of 47121?
2
What is the millions digit of 1360057?
1
What is the tens digit of 147765?
6
What is the thousands digit of 2158074?
8
What is the thousands digit of 1804410?
4
What is the millions digit of 5187481?
5
What is the tens digit of 1632914?
1
What is the hundred thousands digit of 128142?
1
What is the tens digit of 254773?
7
What is the hundreds digit of 1809764?
7
What is the units digit of 3586069?
9
What is the thousands digit of 1356?
1
What is the ten thousands digit of 1668781?
6
What is the units digit of 6096344?
4
What is the thousands digit of 214858?
4
What is the ten thousands digit of 676509?
7
What is the tens digit of 1902776?
7
What is the hundreds digit of 72152?
1
What is the hundred thousands digit of 200773?
2
What is the units digit of 611135?
5
What is the tens digit of 1197303?
0
What is the thousands digit of 1445897?
5
What is the ten thousands digit of 493805?
9
What is the hundred thousands digit of 349904?
3
What is the hundreds digit of 563814?
8
What is the units digit of 301913?